{"id":70,"date":"2012-06-22T16:02:12","date_gmt":"2012-06-22T14:02:12","guid":{"rendered":"http:\/\/ms-allegro.de\/?page_id=70"},"modified":"2024-09-20T20:23:45","modified_gmt":"2024-09-20T18:23:45","slug":"musikschule","status":"publish","type":"page","link":"https:\/\/ms-allegro.de\/?page_id=70","title":{"rendered":"Unterricht"},"content":{"rendered":"\n<hr class=\"wp-block-separator has-css-opacity\"\/>\n\n\n\n<p style=\"font-size:15px\">Der Unterricht findet als Einzelunterricht oder in kleinen Gruppen statt.<\/p>\n\n\n\n<p style=\"font-size:15px\">F\u00fcr \u00e4ltere Kinder ist auch Online-Unterricht m\u00f6glich.<\/p>\n\n\n\n<ul class=\"wp-block-list\"><\/ul>\n\n\n\n<ul class=\"wp-block-list\"><\/ul>\n\n\n\n<ul class=\"wp-block-list\"><\/ul>\n\n\n\n<p><\/p>\n\n\n\n<h4 class=\"wp-block-heading\">Instrumentalunterricht<\/h4>\n\n\n\n<h4 class=\"wp-block-heading\"><strong>Gitarre<\/strong> <\/h4>\n\n\n\n<p style=\"font-size:15px\">Klassische Gitarre, E-Gitarre, E-Bass, Ukulele<br><br>Einzelunterricht kann auch Online gegeben werden.<br>Der Unterricht kann auch Kindern ab sechs Jahren gegeben werden.<br>Unter Umst\u00e4nden kann der Unterricht auch bei Ihnen zuhause oder in der Schule\/im Kindergarten der Kinder stattfinden.<\/p>\n\n\n\n<h5 class=\"wp-block-heading\"> <li> <strong>Klavier und<\/strong> <strong>Keyboard<\/strong><\/li><\/h5>\n\n\n\n<p style=\"font-size:15px\">ab sechs Jahren<\/p>\n\n\n\n<p style=\"font-size:15px\">Der Unterricht kann unter Umst\u00e4nden auch bei Ihnen zuhause stattfinden.<\/p>\n\n\n\n<figure class=\"wp-block-image size-large\"><img loading=\"lazy\" decoding=\"async\" width=\"1024\" height=\"413\" src=\"https:\/\/ms-allegro.de\/wp-content\/uploads\/2021\/11\/Screenshot-2021-11-30-121409-1024x413.png\" alt=\"\" class=\"wp-image-1960\" srcset=\"https:\/\/ms-allegro.de\/wp-content\/uploads\/2021\/11\/Screenshot-2021-11-30-121409-1024x413.png 1024w, https:\/\/ms-allegro.de\/wp-content\/uploads\/2021\/11\/Screenshot-2021-11-30-121409-300x121.png 300w, https:\/\/ms-allegro.de\/wp-content\/uploads\/2021\/11\/Screenshot-2021-11-30-121409-768x310.png 768w, https:\/\/ms-allegro.de\/wp-content\/uploads\/2021\/11\/Screenshot-2021-11-30-121409-600x242.png 600w, https:\/\/ms-allegro.de\/wp-content\/uploads\/2021\/11\/Screenshot-2021-11-30-121409.png 1080w\" sizes=\"(max-width: 1024px) 100vw, 1024px\" \/><\/figure>\n\n\n\n<blockquote class=\"wp-block-quote is-layout-flow wp-block-quote-is-layout-flow\">\n<p>  \u201eI regret that I didn\u2018t take the opportunity to learn to play the organ when I was seven. It would have been better for me if I had been a better musician.\u201c (Prof. Jordan Petersen, UT)<br> <\/p>\n<\/blockquote>\n","protected":false},"excerpt":{"rendered":"<p>Der Unterricht findet als Einzelunterricht oder in kleinen Gruppen statt. F\u00fcr \u00e4ltere Kinder ist auch Online-Unterricht m\u00f6glich. Instrumentalunterricht Gitarre Klassische Gitarre, E-Gitarre, E-Bass, Ukulele Einzelunterricht kann auch Online gegeben werden.Der Unterricht kann auch Kindern ab sechs Jahren gegeben werden.Unter Umst\u00e4nden kann der Unterricht auch bei Ihnen zuhause oder in der Schule\/im Kindergarten der Kinder stattfinden. &hellip; <a href=\"https:\/\/ms-allegro.de\/?page_id=70\" class=\"more-link\"><span class=\"screen-reader-text\">Unterricht<\/span> weiterlesen <span class=\"meta-nav\">&rarr;<\/span><\/a><\/p>\n","protected":false},"author":1,"featured_media":0,"parent":2,"menu_order":0,"comment_status":"closed","ping_status":"closed","template":"","meta":{"footnotes":""},"class_list":["post-70","page","type-page","status-publish","hentry"],"yoast_head":"<!-- This site is optimized with the Yoast SEO plugin v23.4 - https:\/\/yoast.com\/wordpress\/plugins\/seo\/ -->\n<title>Unterricht - Musikschule Allegro<\/title>\n<meta name=\"description\" content=\"Gitarrenunterricht Kiel, Kiel, Klavierunterricht, Keyboardunterricht, Musikunterricht Kiel, Musikalische Fr\u00fcherziehung, Musikkurse f\u00fcr Kinder, Ukulelenunterricht,\" \/>\n<meta name=\"robots\" content=\"index, follow, max-snippet:-1, max-image-preview:large, max-video-preview:-1\" \/>\n<link rel=\"canonical\" href=\"https:\/\/ms-allegro.de\/?page_id=70\" \/>\n<meta property=\"og:locale\" content=\"de_DE\" \/>\n<meta property=\"og:type\" content=\"article\" \/>\n<meta property=\"og:title\" content=\"Unterricht - Musikschule Allegro\" \/>\n<meta property=\"og:description\" content=\"Gitarrenunterricht Kiel, Kiel, Klavierunterricht, Keyboardunterricht, Musikunterricht Kiel, Musikalische Fr\u00fcherziehung, Musikkurse f\u00fcr Kinder, Ukulelenunterricht,\" \/>\n<meta property=\"og:url\" content=\"https:\/\/ms-allegro.de\/?page_id=70\" \/>\n<meta property=\"og:site_name\" content=\"Musikschule Allegro\" \/>\n<meta property=\"article:modified_time\" content=\"2024-09-20T18:23:45+00:00\" \/>\n<meta property=\"og:image\" content=\"https:\/\/ms-allegro.de\/wp-content\/uploads\/2021\/11\/Screenshot-2021-11-30-121409-1024x413.png\" \/>\n<meta name=\"twitter:card\" content=\"summary_large_image\" \/>\n<meta name=\"twitter:label1\" content=\"Gesch\u00e4tzte Lesezeit\" \/>\n\t<meta name=\"twitter:data1\" content=\"1 Minute\" \/>\n<script type=\"application\/ld+json\" class=\"yoast-schema-graph\">{\"@context\":\"https:\/\/schema.org\",\"@graph\":[{\"@type\":\"WebPage\",\"@id\":\"https:\/\/ms-allegro.de\/?page_id=70\",\"url\":\"https:\/\/ms-allegro.de\/?page_id=70\",\"name\":\"Unterricht - Musikschule Allegro\",\"isPartOf\":{\"@id\":\"https:\/\/ms-allegro.de\/#website\"},\"primaryImageOfPage\":{\"@id\":\"https:\/\/ms-allegro.de\/?page_id=70#primaryimage\"},\"image\":{\"@id\":\"https:\/\/ms-allegro.de\/?page_id=70#primaryimage\"},\"thumbnailUrl\":\"https:\/\/ms-allegro.de\/wp-content\/uploads\/2021\/11\/Screenshot-2021-11-30-121409-1024x413.png\",\"datePublished\":\"2012-06-22T14:02:12+00:00\",\"dateModified\":\"2024-09-20T18:23:45+00:00\",\"description\":\"Gitarrenunterricht Kiel, Kiel, Klavierunterricht, Keyboardunterricht, Musikunterricht Kiel, Musikalische Fr\u00fcherziehung, Musikkurse f\u00fcr Kinder, Ukulelenunterricht,\",\"breadcrumb\":{\"@id\":\"https:\/\/ms-allegro.de\/?page_id=70#breadcrumb\"},\"inLanguage\":\"de-DE\",\"potentialAction\":[{\"@type\":\"ReadAction\",\"target\":[\"https:\/\/ms-allegro.de\/?page_id=70\"]}]},{\"@type\":\"ImageObject\",\"inLanguage\":\"de-DE\",\"@id\":\"https:\/\/ms-allegro.de\/?page_id=70#primaryimage\",\"url\":\"https:\/\/ms-allegro.de\/wp-content\/uploads\/2021\/11\/Screenshot-2021-11-30-121409.png\",\"contentUrl\":\"https:\/\/ms-allegro.de\/wp-content\/uploads\/2021\/11\/Screenshot-2021-11-30-121409.png\",\"width\":1080,\"height\":436},{\"@type\":\"BreadcrumbList\",\"@id\":\"https:\/\/ms-allegro.de\/?page_id=70#breadcrumb\",\"itemListElement\":[{\"@type\":\"ListItem\",\"position\":1,\"name\":\"Startseite\",\"item\":\"https:\/\/ms-allegro.de\/\"},{\"@type\":\"ListItem\",\"position\":2,\"name\":\"Musikschule Allegro \u00b7 Kiel\",\"item\":\"https:\/\/ms-allegro.de\/\"},{\"@type\":\"ListItem\",\"position\":3,\"name\":\"Unterricht\"}]},{\"@type\":\"WebSite\",\"@id\":\"https:\/\/ms-allegro.de\/#website\",\"url\":\"https:\/\/ms-allegro.de\/\",\"name\":\"Musikschule Allegro\",\"description\":\"Media\",\"potentialAction\":[{\"@type\":\"SearchAction\",\"target\":{\"@type\":\"EntryPoint\",\"urlTemplate\":\"https:\/\/ms-allegro.de\/?s={search_term_string}\"},\"query-input\":{\"@type\":\"PropertyValueSpecification\",\"valueRequired\":true,\"valueName\":\"search_term_string\"}}],\"inLanguage\":\"de-DE\"}]}<\/script>\n<!-- \/ Yoast SEO plugin. -->","yoast_head_json":{"title":"Unterricht - Musikschule Allegro","description":"Gitarrenunterricht Kiel, Kiel, Klavierunterricht, Keyboardunterricht, Musikunterricht Kiel, Musikalische Fr\u00fcherziehung, Musikkurse f\u00fcr Kinder, Ukulelenunterricht,","robots":{"index":"index","follow":"follow","max-snippet":"max-snippet:-1","max-image-preview":"max-image-preview:large","max-video-preview":"max-video-preview:-1"},"canonical":"https:\/\/ms-allegro.de\/?page_id=70","og_locale":"de_DE","og_type":"article","og_title":"Unterricht - Musikschule Allegro","og_description":"Gitarrenunterricht Kiel, Kiel, Klavierunterricht, Keyboardunterricht, Musikunterricht Kiel, Musikalische Fr\u00fcherziehung, Musikkurse f\u00fcr Kinder, Ukulelenunterricht,","og_url":"https:\/\/ms-allegro.de\/?page_id=70","og_site_name":"Musikschule Allegro","article_modified_time":"2024-09-20T18:23:45+00:00","og_image":[{"url":"https:\/\/ms-allegro.de\/wp-content\/uploads\/2021\/11\/Screenshot-2021-11-30-121409-1024x413.png"}],"twitter_card":"summary_large_image","twitter_misc":{"Gesch\u00e4tzte Lesezeit":"1 Minute"},"schema":{"@context":"https:\/\/schema.org","@graph":[{"@type":"WebPage","@id":"https:\/\/ms-allegro.de\/?page_id=70","url":"https:\/\/ms-allegro.de\/?page_id=70","name":"Unterricht - Musikschule Allegro","isPartOf":{"@id":"https:\/\/ms-allegro.de\/#website"},"primaryImageOfPage":{"@id":"https:\/\/ms-allegro.de\/?page_id=70#primaryimage"},"image":{"@id":"https:\/\/ms-allegro.de\/?page_id=70#primaryimage"},"thumbnailUrl":"https:\/\/ms-allegro.de\/wp-content\/uploads\/2021\/11\/Screenshot-2021-11-30-121409-1024x413.png","datePublished":"2012-06-22T14:02:12+00:00","dateModified":"2024-09-20T18:23:45+00:00","description":"Gitarrenunterricht Kiel, Kiel, Klavierunterricht, Keyboardunterricht, Musikunterricht Kiel, Musikalische Fr\u00fcherziehung, Musikkurse f\u00fcr Kinder, Ukulelenunterricht,","breadcrumb":{"@id":"https:\/\/ms-allegro.de\/?page_id=70#breadcrumb"},"inLanguage":"de-DE","potentialAction":[{"@type":"ReadAction","target":["https:\/\/ms-allegro.de\/?page_id=70"]}]},{"@type":"ImageObject","inLanguage":"de-DE","@id":"https:\/\/ms-allegro.de\/?page_id=70#primaryimage","url":"https:\/\/ms-allegro.de\/wp-content\/uploads\/2021\/11\/Screenshot-2021-11-30-121409.png","contentUrl":"https:\/\/ms-allegro.de\/wp-content\/uploads\/2021\/11\/Screenshot-2021-11-30-121409.png","width":1080,"height":436},{"@type":"BreadcrumbList","@id":"https:\/\/ms-allegro.de\/?page_id=70#breadcrumb","itemListElement":[{"@type":"ListItem","position":1,"name":"Startseite","item":"https:\/\/ms-allegro.de\/"},{"@type":"ListItem","position":2,"name":"Musikschule Allegro \u00b7 Kiel","item":"https:\/\/ms-allegro.de\/"},{"@type":"ListItem","position":3,"name":"Unterricht"}]},{"@type":"WebSite","@id":"https:\/\/ms-allegro.de\/#website","url":"https:\/\/ms-allegro.de\/","name":"Musikschule Allegro","description":"Media","potentialAction":[{"@type":"SearchAction","target":{"@type":"EntryPoint","urlTemplate":"https:\/\/ms-allegro.de\/?s={search_term_string}"},"query-input":{"@type":"PropertyValueSpecification","valueRequired":true,"valueName":"search_term_string"}}],"inLanguage":"de-DE"}]}},"_links":{"self":[{"href":"https:\/\/ms-allegro.de\/index.php?rest_route=\/wp\/v2\/pages\/70"}],"collection":[{"href":"https:\/\/ms-allegro.de\/index.php?rest_route=\/wp\/v2\/pages"}],"about":[{"href":"https:\/\/ms-allegro.de\/index.php?rest_route=\/wp\/v2\/types\/page"}],"author":[{"embeddable":true,"href":"https:\/\/ms-allegro.de\/index.php?rest_route=\/wp\/v2\/users\/1"}],"replies":[{"embeddable":true,"href":"https:\/\/ms-allegro.de\/index.php?rest_route=%2Fwp%2Fv2%2Fcomments&post=70"}],"version-history":[{"count":74,"href":"https:\/\/ms-allegro.de\/index.php?rest_route=\/wp\/v2\/pages\/70\/revisions"}],"predecessor-version":[{"id":2339,"href":"https:\/\/ms-allegro.de\/index.php?rest_route=\/wp\/v2\/pages\/70\/revisions\/2339"}],"up":[{"embeddable":true,"href":"https:\/\/ms-allegro.de\/index.php?rest_route=\/wp\/v2\/pages\/2"}],"wp:attachment":[{"href":"https:\/\/ms-allegro.de\/index.php?rest_route=%2Fwp%2Fv2%2Fmedia&parent=70"}],"curies":[{"name":"wp","href":"https:\/\/api.w.org\/{rel}","templated":true}]}}