{"id":2,"date":"2012-06-21T13:54:00","date_gmt":"2012-06-21T11:54:00","guid":{"rendered":"http:\/\/ms-allegro.de\/?page_id=2"},"modified":"2024-09-26T17:36:01","modified_gmt":"2024-09-26T15:36:01","slug":"startseite","status":"publish","type":"page","link":"https:\/\/ms-allegro.de\/","title":{"rendered":"Musikschule Allegro \u00b7 Kiel"},"content":{"rendered":"\n<p><\/p>\n\n\n\n<h2 class=\"wp-block-heading\">\u00b7 <a href=\"https:\/\/ms-allegro.de\/?page_id=70\">Gitarrenunterricht<\/a><\/h2>\n\n\n\n<h2 class=\"wp-block-heading has-medium-font-size\"><strong>\u00b7 <a href=\"https:\/\/ms-allegro.de\/?page_id=70\">Klavierunterricht<\/a><\/strong><\/h2>\n\n\n\n<h2 class=\"wp-block-heading has-medium-font-size\"><strong>\u00b7 <a href=\"https:\/\/ms-allegro.de\/?page_id=70\">Online-Musikunterricht<\/a><\/strong><\/h2>\n\n\n\n<hr class=\"wp-block-separator has-alpha-channel-opacity is-style-wide\"\/>\n\n\n\n<h2 class=\"wp-block-heading\">Kleines Gewinnspiel: Erkenne die Musik! Preis: ein wertvolles pentatonisches <\/h2>\n\n\n\n<h2 class=\"wp-block-heading\">Sonor Xylophon Meisterklasse SKX 20<\/h2>\n\n\n\n<p>Das Xylophon ist zwar gebraucht, ist aber in einem sehr guten Zustand. Der Neupreis liegt bei ca. Eur 450. Man kann damit nat\u00fcrlich alle Lieder spielen, die im Video vorkommen, Pentatonik eignet sich aber auch gut zum Improvisieren, weil es keine &#8222;falschen&#8220; T\u00f6ne gibt.<\/p>\n\n\n\n<p>Wer die meisten Lieder erkennt, gewinnt!<\/p>\n\n\n\n<p>Teilnahmebedingungen: Die Teilnahme ist auf den Gro\u00dfraum Kiel beschr\u00e4nkt: Ihr m\u00fcsst den Preis selber abholen. Die Verwendung von KI (Erkennungssoftware) ist ausgeschlossen. Ich werde den Gewinner einer kleinen Befragung unterziehen, in der er mir seine Erkenntnis plausibel machen m\u00f6ge. Man darf aber alle Leute befragen, die sich mit Musik auskennen: Musiker, Musiklehrer, Kantoren, Chorleiter \u2026<\/p>\n\n\n\n<p>Jeder darf mitmachen. Es gibt keine Altersbeschr\u00e4nkung. Der Rechtsweg ist ausgeschlossen. Spielende: Nikolaus 2024<\/p>\n\n\n\n<p>Wohin mir Euren Ergebnissen? Am liebsten handgeschrieben (aber leserlich) an:<\/p>\n\n\n\n<p>Musikschule Allegro, Boninstra\u00dfe 30a, 24114 Kiel<\/p>\n\n\n\n<p>oder per E-Mail an: n.deters@t-online.de<\/p>\n\n\n\n<p>Ich w\u00fcnsche viel Spa\u00df beim Raten!<\/p>\n\n\n\n<p>Und hier sind die Lieder:<\/p>\n\n\n\n<figure class=\"wp-block-embed is-type-video is-provider-youtube wp-block-embed-youtube wp-embed-aspect-16-9 wp-has-aspect-ratio\"><div class=\"wp-block-embed__wrapper\">\n<iframe loading=\"lazy\" title=\"Gewinnspiel, Pentatonische Lieder\" width=\"474\" height=\"267\" src=\"https:\/\/www.youtube.com\/embed\/VylsecNpeuw?feature=oembed\" frameborder=\"0\" allow=\"accelerometer; autoplay; clipboard-write; encrypted-media; gyroscope; picture-in-picture; web-share\" referrerpolicy=\"strict-origin-when-cross-origin\" allowfullscreen><\/iframe>\n<\/div><figcaption class=\"wp-element-caption\">Allegro Gewinnspiel Pentatonik<\/figcaption><\/figure>\n\n\n\n<p><\/p>\n\n\n\n<p class=\"has-text-align-center\"> <img loading=\"lazy\" decoding=\"async\" width=\"150\" height=\"92\" class=\"wp-image-1784\" style=\"width: 150px;\" src=\"http:\/\/ms-allegro.de\/wp-content\/uploads\/2019\/08\/Allegrooutside.jpg\" alt=\"\"><\/p>\n\n\n\n<hr class=\"wp-block-separator has-css-opacity\"\/>\n\n\n\n<h1 class=\"wp-block-heading\"><a href=\"http:\/\/ms-allegro.de\/wp-content\/uploads\/2018\/09\/Logo-notas-f.-flyer2.jpg\"><\/a><\/h1>\n\n\n\n<p><br>Hier finden Sie uns:<\/p>\n\n\n\n<p><a href=\"http:\/\/maps.google.de\/maps?f=q&amp;source=embed&amp;hl=de&amp;geocode=&amp;q=Boninstra%C3%9Fe+30a,+Kiel&amp;aq=0&amp;oq=Boninstra%C3%9Fe+30a&amp;sll=54.341813,10.125677&amp;sspn=0.376263,1.056747&amp;ie=UTF8&amp;hq=&amp;hnear=Boninstra%C3%9Fe+30A,+24114+Kiel,+Schleswig-Holstein&amp;t=m&amp;ll=54.325985,10.123129&amp;spn=0.017519,0.078106&amp;z=14&amp;iwloc=A\">Gr\u00f6\u00dfere Kartenansicht<\/a><\/p>\n\n\n\n<p>Boninstra\u00dfe 30a, 24114 Kiel<\/p>\n\n\n\n<hr class=\"wp-block-separator has-css-opacity\"\/>\n","protected":false},"excerpt":{"rendered":"<p>\u00b7 Gitarrenunterricht \u00b7 Klavierunterricht \u00b7 Online-Musikunterricht Kleines Gewinnspiel: Erkenne die Musik! Preis: ein wertvolles pentatonisches Sonor Xylophon Meisterklasse SKX 20 Das Xylophon ist zwar gebraucht, ist aber in einem sehr guten Zustand. Der Neupreis liegt bei ca. Eur 450. Man kann damit nat\u00fcrlich alle Lieder spielen, die im Video vorkommen, Pentatonik eignet sich aber auch &hellip; <a href=\"https:\/\/ms-allegro.de\/\" class=\"more-link\"><span class=\"screen-reader-text\">Musikschule Allegro \u00b7 Kiel<\/span> weiterlesen <span class=\"meta-nav\">&rarr;<\/span><\/a><\/p>\n","protected":false},"author":1,"featured_media":0,"parent":0,"menu_order":0,"comment_status":"closed","ping_status":"closed","template":"","meta":{"footnotes":""},"class_list":["post-2","page","type-page","status-publish","hentry"],"yoast_head":"<!-- This site is optimized with the Yoast SEO plugin v23.4 - https:\/\/yoast.com\/wordpress\/plugins\/seo\/ -->\n<title>Musikschule Allegro \u00b7 Kiel - Musikschule Allegro<\/title>\n<meta name=\"description\" content=\"Gitarrenunterricht Klavierunterricht Schlagzeugunterricht Gesangsunterricht Geigenunterricht \u201eMusikschule Allegro\u201c \u201eJugend musiziert\u201c Kiel Kultur Gitarre Klavier Schlagzeug Gesang Pop Klassik Rock Blues Jazz Musikhochschule Musikstudium Probenraum\" \/>\n<meta name=\"robots\" content=\"index, follow, max-snippet:-1, max-image-preview:large, max-video-preview:-1\" \/>\n<link rel=\"canonical\" href=\"https:\/\/ms-allegro.de\/\" \/>\n<meta property=\"og:locale\" content=\"de_DE\" \/>\n<meta property=\"og:type\" content=\"article\" \/>\n<meta property=\"og:title\" content=\"Musikschule Allegro \u00b7 Kiel - Musikschule Allegro\" \/>\n<meta property=\"og:description\" content=\"Gitarrenunterricht Klavierunterricht Schlagzeugunterricht Gesangsunterricht Geigenunterricht \u201eMusikschule Allegro\u201c \u201eJugend musiziert\u201c Kiel Kultur Gitarre Klavier Schlagzeug Gesang Pop Klassik Rock Blues Jazz Musikhochschule Musikstudium Probenraum\" \/>\n<meta property=\"og:url\" content=\"https:\/\/ms-allegro.de\/\" \/>\n<meta property=\"og:site_name\" content=\"Musikschule Allegro\" \/>\n<meta property=\"article:modified_time\" content=\"2024-09-26T15:36:01+00:00\" \/>\n<meta property=\"og:image\" content=\"http:\/\/ms-allegro.de\/wp-content\/uploads\/2019\/08\/Allegrooutside.jpg\" \/>\n<meta name=\"twitter:card\" content=\"summary_large_image\" \/>\n<meta name=\"twitter:label1\" content=\"Gesch\u00e4tzte Lesezeit\" \/>\n\t<meta name=\"twitter:data1\" content=\"2 Minuten\" \/>\n<script type=\"application\/ld+json\" class=\"yoast-schema-graph\">{\"@context\":\"https:\/\/schema.org\",\"@graph\":[{\"@type\":\"WebPage\",\"@id\":\"https:\/\/ms-allegro.de\/\",\"url\":\"https:\/\/ms-allegro.de\/\",\"name\":\"Musikschule Allegro \u00b7 Kiel - Musikschule Allegro\",\"isPartOf\":{\"@id\":\"https:\/\/ms-allegro.de\/#website\"},\"primaryImageOfPage\":{\"@id\":\"https:\/\/ms-allegro.de\/#primaryimage\"},\"image\":{\"@id\":\"https:\/\/ms-allegro.de\/#primaryimage\"},\"thumbnailUrl\":\"http:\/\/ms-allegro.de\/wp-content\/uploads\/2019\/08\/Allegrooutside.jpg\",\"datePublished\":\"2012-06-21T11:54:00+00:00\",\"dateModified\":\"2024-09-26T15:36:01+00:00\",\"description\":\"Gitarrenunterricht Klavierunterricht Schlagzeugunterricht Gesangsunterricht Geigenunterricht \u201eMusikschule Allegro\u201c \u201eJugend musiziert\u201c Kiel Kultur Gitarre Klavier Schlagzeug Gesang Pop Klassik Rock Blues Jazz Musikhochschule Musikstudium Probenraum\",\"breadcrumb\":{\"@id\":\"https:\/\/ms-allegro.de\/#breadcrumb\"},\"inLanguage\":\"de-DE\",\"potentialAction\":[{\"@type\":\"ReadAction\",\"target\":[\"https:\/\/ms-allegro.de\/\"]}]},{\"@type\":\"ImageObject\",\"inLanguage\":\"de-DE\",\"@id\":\"https:\/\/ms-allegro.de\/#primaryimage\",\"url\":\"https:\/\/ms-allegro.de\/wp-content\/uploads\/2019\/08\/Allegrooutside.jpg\",\"contentUrl\":\"https:\/\/ms-allegro.de\/wp-content\/uploads\/2019\/08\/Allegrooutside.jpg\",\"width\":200,\"height\":123},{\"@type\":\"BreadcrumbList\",\"@id\":\"https:\/\/ms-allegro.de\/#breadcrumb\",\"itemListElement\":[{\"@type\":\"ListItem\",\"position\":1,\"name\":\"Startseite\",\"item\":\"https:\/\/ms-allegro.de\/\"},{\"@type\":\"ListItem\",\"position\":2,\"name\":\"Musikschule Allegro \u00b7 Kiel\"}]},{\"@type\":\"WebSite\",\"@id\":\"https:\/\/ms-allegro.de\/#website\",\"url\":\"https:\/\/ms-allegro.de\/\",\"name\":\"Musikschule Allegro\",\"description\":\"Media\",\"potentialAction\":[{\"@type\":\"SearchAction\",\"target\":{\"@type\":\"EntryPoint\",\"urlTemplate\":\"https:\/\/ms-allegro.de\/?s={search_term_string}\"},\"query-input\":{\"@type\":\"PropertyValueSpecification\",\"valueRequired\":true,\"valueName\":\"search_term_string\"}}],\"inLanguage\":\"de-DE\"}]}<\/script>\n<!-- \/ Yoast SEO plugin. -->","yoast_head_json":{"title":"Musikschule Allegro \u00b7 Kiel - Musikschule Allegro","description":"Gitarrenunterricht Klavierunterricht Schlagzeugunterricht Gesangsunterricht Geigenunterricht \u201eMusikschule Allegro\u201c \u201eJugend musiziert\u201c Kiel Kultur Gitarre Klavier Schlagzeug Gesang Pop Klassik Rock Blues Jazz Musikhochschule Musikstudium Probenraum","robots":{"index":"index","follow":"follow","max-snippet":"max-snippet:-1","max-image-preview":"max-image-preview:large","max-video-preview":"max-video-preview:-1"},"canonical":"https:\/\/ms-allegro.de\/","og_locale":"de_DE","og_type":"article","og_title":"Musikschule Allegro \u00b7 Kiel - Musikschule Allegro","og_description":"Gitarrenunterricht Klavierunterricht Schlagzeugunterricht Gesangsunterricht Geigenunterricht \u201eMusikschule Allegro\u201c \u201eJugend musiziert\u201c Kiel Kultur Gitarre Klavier Schlagzeug Gesang Pop Klassik Rock Blues Jazz Musikhochschule Musikstudium Probenraum","og_url":"https:\/\/ms-allegro.de\/","og_site_name":"Musikschule Allegro","article_modified_time":"2024-09-26T15:36:01+00:00","og_image":[{"url":"http:\/\/ms-allegro.de\/wp-content\/uploads\/2019\/08\/Allegrooutside.jpg"}],"twitter_card":"summary_large_image","twitter_misc":{"Gesch\u00e4tzte Lesezeit":"2 Minuten"},"schema":{"@context":"https:\/\/schema.org","@graph":[{"@type":"WebPage","@id":"https:\/\/ms-allegro.de\/","url":"https:\/\/ms-allegro.de\/","name":"Musikschule Allegro \u00b7 Kiel - Musikschule Allegro","isPartOf":{"@id":"https:\/\/ms-allegro.de\/#website"},"primaryImageOfPage":{"@id":"https:\/\/ms-allegro.de\/#primaryimage"},"image":{"@id":"https:\/\/ms-allegro.de\/#primaryimage"},"thumbnailUrl":"http:\/\/ms-allegro.de\/wp-content\/uploads\/2019\/08\/Allegrooutside.jpg","datePublished":"2012-06-21T11:54:00+00:00","dateModified":"2024-09-26T15:36:01+00:00","description":"Gitarrenunterricht Klavierunterricht Schlagzeugunterricht Gesangsunterricht Geigenunterricht \u201eMusikschule Allegro\u201c \u201eJugend musiziert\u201c Kiel Kultur Gitarre Klavier Schlagzeug Gesang Pop Klassik Rock Blues Jazz Musikhochschule Musikstudium Probenraum","breadcrumb":{"@id":"https:\/\/ms-allegro.de\/#breadcrumb"},"inLanguage":"de-DE","potentialAction":[{"@type":"ReadAction","target":["https:\/\/ms-allegro.de\/"]}]},{"@type":"ImageObject","inLanguage":"de-DE","@id":"https:\/\/ms-allegro.de\/#primaryimage","url":"https:\/\/ms-allegro.de\/wp-content\/uploads\/2019\/08\/Allegrooutside.jpg","contentUrl":"https:\/\/ms-allegro.de\/wp-content\/uploads\/2019\/08\/Allegrooutside.jpg","width":200,"height":123},{"@type":"BreadcrumbList","@id":"https:\/\/ms-allegro.de\/#breadcrumb","itemListElement":[{"@type":"ListItem","position":1,"name":"Startseite","item":"https:\/\/ms-allegro.de\/"},{"@type":"ListItem","position":2,"name":"Musikschule Allegro \u00b7 Kiel"}]},{"@type":"WebSite","@id":"https:\/\/ms-allegro.de\/#website","url":"https:\/\/ms-allegro.de\/","name":"Musikschule Allegro","description":"Media","potentialAction":[{"@type":"SearchAction","target":{"@type":"EntryPoint","urlTemplate":"https:\/\/ms-allegro.de\/?s={search_term_string}"},"query-input":{"@type":"PropertyValueSpecification","valueRequired":true,"valueName":"search_term_string"}}],"inLanguage":"de-DE"}]}},"_links":{"self":[{"href":"https:\/\/ms-allegro.de\/index.php?rest_route=\/wp\/v2\/pages\/2"}],"collection":[{"href":"https:\/\/ms-allegro.de\/index.php?rest_route=\/wp\/v2\/pages"}],"about":[{"href":"https:\/\/ms-allegro.de\/index.php?rest_route=\/wp\/v2\/types\/page"}],"author":[{"embeddable":true,"href":"https:\/\/ms-allegro.de\/index.php?rest_route=\/wp\/v2\/users\/1"}],"replies":[{"embeddable":true,"href":"https:\/\/ms-allegro.de\/index.php?rest_route=%2Fwp%2Fv2%2Fcomments&post=2"}],"version-history":[{"count":233,"href":"https:\/\/ms-allegro.de\/index.php?rest_route=\/wp\/v2\/pages\/2\/revisions"}],"predecessor-version":[{"id":2389,"href":"https:\/\/ms-allegro.de\/index.php?rest_route=\/wp\/v2\/pages\/2\/revisions\/2389"}],"wp:attachment":[{"href":"https:\/\/ms-allegro.de\/index.php?rest_route=%2Fwp%2Fv2%2Fmedia&parent=2"}],"curies":[{"name":"wp","href":"https:\/\/api.w.org\/{rel}","templated":true}]}}